ose 2*a - z = -40, -5*z + 92 = -0*a - 4*a. Let s be (-2)/(-9) - 50/a. Let l(m) = 3*m**2 + 1 - s*m**3 + 3 + 4*m**3 - 2*m. Give l(-4).
-4
Let c(h) be the first derivative of -h**5/20 + 5*h**4/12 - h**3/3 + 8*h - 6. Let x(i) be the first derivative of c(i). What is x(3)?
12
Let n = -26 - -27. Let t(d) = d - 5. Let v(c) = -2*c + 9. Let w(m) = 11*t(m) + 6*v(m). Determine w(n).
-2
Let s(a) = a + 5. Let f = 8 - 9. Let l be -1*(f - -1)*-1. Give s(l).
5
Let y(q) = -q**3 - q**2 + 1. Suppose -t + 20 = -5*t. Let u(a) = 6*a**3 + 9*a**2 - 3*a - 11. Let h(k) = t*y(k) - u(k). Let r = -53 + 49. Calculate h(r).
-6
Let p(o) = -o + 4. Let c be p(6). Let m(n) = n**3 - 1. Let b(j) = j**3 - j - 2. Let x(i) = c*b(i) + 3*m(i). Determine x(-2).
-11
Let h(c) = -c**2 - 4*c + 4. Let k be -1*2/(-2) + 11. Let q = k + -9. Suppose q = 12*m - 13*m. What is h(m)?
7
Let y be (-33)/44 + 2/(-8) + 5. Let g(n) = n - 1. What is g(y)?
3
Let s(i) = -i - 2. Let t(r) = r + 4. Let c be t(-3). Let v be (c + (-1)/7)*-7. Give s(v).
4
Let d(r) = -r**2. Let x(o) = 6*o**2 + 6*o + 4. Let v(c) = 2*d(c) + x(c). Let s(b) = -b**2. Let i(p) = -3*s(p) - v(p). Determine i(-4).
4
Suppose -5*z - 2*s - 9 = 0, 2*z + 0 - 3 = -3*s. Let i be z + 3 + (-10)/2. Let b(k) = k**2 + 6*k + 1. Give b(i).
-4
Let a(h) = -h**2 + 6*h + 8. Let o be a(6). Let i(d) = d - 6. Calculate i(o).
2
Suppose -y - 4 = 0, 4*l - 6*l + 2*y = 0. Let x(u) = u**2 + 4*u + 5. Determine x(l).
5
Suppose -6 = -3*x + 4*o, 5*x + 0*o = -5*o + 45. Let n(u) = -u - 2. What is n(x)?
-8
Let l(f) = 2*f + 7. Let d be l(-2). Let x(c) = -c**3 + c**2 - 4*c - 3. Let w(m) = 3*m**3 - 4*m**2 + 11*m + 8. Let u(a) = -3*w(a) - 8*x(a). Calculate u(d).
6
Let x(y) = -y**3 + 5*y**2 - 4*y + 5. Let m be x(4). Let w = m - 3. Let k be -1*(1 - w)*-3. Let t(r) = r**3 + 2*r**2 - 2*r - 2. What is t(k)?
-5
Let o = 2 - 0. Let n(c) be the first derivative of o + 1/3*c**3 - 7/2*c**2 + 3*c. What is n(5)?
-7
Let j(v) = 5*v**3 + 15*v**2 + 3*v - 1. Let d(a) = -2*a**3 - 5*a**2 - a. Let x(f) = -8*d(f) - 3*j(f). What is x(5)?
-2
Let c(q) = 3*q**3 + 4*q**2 + 4*q + 2. Let i = 28 - 23. Let z be (-2)/i - 24/15. Calculate c(z).
-14
Let q be 1/4 - 14/(-8). Suppose -3*t = -5*a + 6, -t - q*t = a + 6. Let x(z) = -2 - z + 2*z + a*z. Determine x(4).
2
Suppose s - 8 = -3*s. Suppose s*z + 2*o - 13 = 3*o, -5*o - 17 = 2*z. Let n(q) = -2 - 2*q + q + z*q. Determine n(3).
7
Suppose -n + 3 - 1 = 0, 4*n - 4 = 2*i. Let t(g) = -7*g - 14*g - 2 + 19*g. What is t(i)?
-6
Let r be 2/(1/2*(-7)/14). Suppose 0 = b - m, 3*m + 50 = -5*b - 2*m. Let j = b - r. Let p(s) = s + 4. Determine p(j).
7
Let c(v) be the third derivative of v**5/20 - v**2. Let p(g) = -g - 2. Suppose -19 = -5*m - 4, 0 = 5*l + 4*m - 7. Let n be p(l). Calculate c(n).
3
Let u(m) = m**3 - 1. Let z(g) = 5*g**3 + 4*g**2 + g - 6. Let l(y) = 4*u(y) - z(y). What is l(-4)?
6
Let z(l) be the third derivative of l**5/60 + l**4/3 - 7*l**3/6 - 15*l**2. Calculate z(-8).
-7
Let t(b) = b**3 - 4*b**2 - 4*b - 3. Let k = 16 + -11. Calculate t(k).
2
Let y(w) = -6*w**2 + 1. Let k(o) = o**3 - 5*o**2 - 4*o - 8. Let a = 13 - 7. Let d be k(a). Suppose u = -3*u + d. Determine y(u).
-5
Let d(u) = -2*u + 96 - 96 - 2*u. Give d(-1).
4
Let w = 20 - 12. Let v be w*2*(-1)/4. Let s(n) = -n**3 - 3*n**2 + n - 4. Determine s(v).
8
Suppose 2 = 2*k - 3*w - 2, 12 = 2*k - 5*w. Let a be (-1)/(-2) - 13/2. Let f = a - k. Let x(g) = g**2 + 2. Give x(f).
6
Let x(b) = -b - 9. Let d be (-15)/6 - (-2)/4. Let j(o) = -o - 4. Let h(t) = d*x(t) + 5*j(t). Suppose 18 = -l - 0*l - 5*p, -5*l - 6 = 4*p. Determine h(l).
-8
Let l(w) be the first derivative of w**5/20 - 7*w**4/12 + 4*w**3/3 - 3*w**2/2 + 4*w + 4. Let g(z) be the first derivative of l(z). What is g(6)?
9
Let x = 5 + 1. Let i(t) = t**2 - 5*t + 1. Give i(x).
7
Let o(r) = -r**2 + r. Let s = -1 + 2. Let q(a) = -a. Let j be q(s). Give o(j).
-2
Suppose 3*w = w + 6. Suppose 0 = -5*r + w + 7. Let g(v) = -5*v**3 + 0*v**3 + 4*v**3 + 2*v**2 - r - 2*v. Calculate g(2).
-6
Let j(s) be the second derivative of -s**5/20 - 5*s**4/12 + 2*s**3/3 - 3*s**2 + 6*s. Give j(-6).
6
Let i(l) = -8*l**2 - l. Suppose 0*x = 4*x. Suppose 0 = -g - 2*c - 3, -2*g = c - 0*c - 3. Suppose x*s = 2*s - g*m - 13, 2*s + 7 = -m. What is i(s)?
-7
Let y be (-8)/(-20) - (-23)/5. Let w(a) = a**2 - 4*a - 6. Give w(y).
-1
Suppose 25 = -0*n + 5*n. Suppose -12 = -3*s, 3*x + 6 = 3*s - 0. Let j(f) = -2*f**x + 3*f**2 - 3*f - 8 + 4. Determine j(n).
6
Let h = 5 + -3. Let k(i) = -10 + 3*i**2 + i**2 - 9*i - 5*i**h. Give k(-7).
4
Let z(u) = -u + 12. Let x be z(9). Let s(k) = k - 3. Give s(x).
0
Let l = -18 + 5. Let t(p) = p + 15. What is t(l)?
2
Let p be (-44)/(-6) + (-2)/6. Let n = p - 4. Let q(w) = -w**2 + 3*w + 3. What is q(n)?
3
Let a(o) = o - 5. Let s(j) = -j**3 + 5*j**2 - 3*j + 2. Let h be s(4). Let z be a(h). Let x be (1 + -2)/(z + 0). Let m(n) = n**3 - 2*n**2 - n. What is m(x)?
-2
Let x(n) be the third derivative of n**6/40 + n**5/60 - n**3/6 + 2*n**2. Let d(o) = -o**2 - 8*o - 9. Let h be d(-7). Let y = 1 + h. Calculate x(y).
-3
Suppose -6*f = -f + 20. Let v(a) = -3*a**3 + 9*a**2 + 2*a - 4. Let q(o) = o**3 - o**2 + 1. Let d be (6 + -10)*(-1)/4. Let s(j) = d*v(j) + 4*q(j). What is s(f)?
8
Let t(z) = 2*z**2 + z - 1. Let o be t(1). Suppose -o*v - 9 - 1 = 0. Let d(c) = -7*c + 3 + 3*c**2 - 3 - 4*c**2 - 4. Determine d(v).
6
Let a(r) = 3*r - 1. Let j(x) = 15*x. Let t be j(1). Suppose 0 = -g + 5 - t. Let b = -9 - g. What is a(b)?
2
Let u(v) be the third derivative of v**4/12 - v**3/6 - 8*v**2. Let t = 6 + -2. What is u(t)?
7
Let n be (-120)/(-70) + 4/14. Let k = n + 2. Let a(b) be the second derivative of -b**4/12 + 7*b**3/6 - 3*b**2 + b. Give a(k).
6
Let p(v) = -v + 10. Let c(o) = 4*o - 41. Let s(y) = -2*c(y) - 9*p(y). Calculate s(6).
-2
Let o = 13 + -7. Suppose -4*w + 12 = 4*a, -2*w = 5*a - 0*w - o. Let l(s) = -s - 6. Determine l(a).
-6
Suppose 4*r + 25 = 3*b, -3*r - 6 + 0 = 2*b. Let w(f) = -f**3 + f**2 + 4*f + 1. Calculate w(b).
-5
Let n be (-15)/6*24/(-10). Let f(d) = -d**3 + 7*d**2 - 6*d - 6. Calculate f(n).
-6
Suppose 2*c + 2*c = 20. Let i(t) = 4*t - 3. Suppose -1 = -4*n - 5. Let v(p) = p - 1. Let a(u) = n*i(u) + 5*v(u). What is a(c)?
3
Let d(q) be the third derivative of q**5/60 - q**4/4 + 2*q**3/3 + 10*q**2. Suppose -23 = -4*x - 3. What is d(x)?
-1
Let q(a) = a**3 - 8*a**2 + 8*a - 2. Let y = 4 + 3. Calculate q(y).
5
Suppose -4*b - 44 = 5*c, 3*b + 2*b + 2*c = -38. Let j(s) = -s**2 - 8*s - 4. Give j(b).
8
Let r(g) = g**3 + g**2 + g. Let c be r(0). Let p(o) = -o**2 - o + 3. Determine p(c).
3
Let o(t) be the first derivative of -t**4/4 + t**2/2 - 5*t + 30. Give o(0).
-5
Suppose -6*t = -10*t + 60. Suppose 0*n + t = 3*n. Let u(x) = x**3 - 4*x**2 - 6*x + 5. What is u(n)?
0
Let w(q) = -q**2 + 5 - 2 + 0 + 2*q. Calculate w(3).
0
Suppose 3 + 1 = -2*q. Let d(w) be the third derivative of -w**6/120 + w**5/60 + w**4/12 - w**3/6 + w**2. Determine d(q).
7
Let w(v) = v**2 - 2. Let q be w(2). Let z(l) = l - 5*l + 4*l + 5*l**3 + 1 - q*l**2. Give z(-1).
-6
Let q = -5 + 10. Suppose -8 = -2*g - 2*g. Suppose g*s + 13 = q. Let p(h) = h**2 + 2*h. Calculate p(s).
8
Let d be -2 + 6*8/12. Let y(j) = 7*j + 2*j**2 + 1 + j**2 - 4*j**2 + d*j**2. Calculate y(-5).
-9
Let n(f) = -f**3 - f**2 + f - 4. Suppose 2*d + 3*t = -5, -3*d + 4*t + 8 = -5*d. Suppose -3*q = -8*q - d*j, -3*q = j. Give n(q).
-4
Suppose -h - 4 = -2*k + 2*h, -k = 4*h - 13. Let x(n) = 0 - k*n**2 + n**3 - n - 1 + 4*n. Give x(2).
-7
Let p(o) = o**3 - 3*o**2 + 2*o - 1. Let g be (-5)/((-10)/12) - 4. Determine p(g).
-1
Let p(f) = -f**3 + 3*f**2 - f + 4. Suppose 2*s = -3*s. Suppose 3*m - 4*o + s = 1, 0 = m - 5*o + 7. Give p(m).
1
Let z(t) = t - 2. Suppose 2*s = 4*a - 28, 3*a + 4*s = -a + 28. Let o be z(a). Let v(q) = -q**2 + 4*q - 1. Determine v(o).
-6
Let k be (-1 - -3)/((-4)/(-6)). Let h(t) be the first derivative of t**3/3 + 2*t - 7. Calculate h(k).
11
Let m(v) = v**2 - 5*v + 4. Suppose -4*g = 4*w + w - 4, 4*g - 36 = 3*w. Let b = g - 3. Determine m(b).
-2
Let i be 3/(-4) - (-3)/4. Suppose i*h = -5*q + 2*h, -4*q - 5*h + 33 = 0. Let f(y) = -y - 5 + q + 3*y. What is f(5)?
7
Let s be (-2)/1 + 4 - -1. Let m(f) be the second derivative of -f**4/6 + f**3/2 + f**2 + 10*f. What is m(s)?
-7
Suppose -g - 4*g = 0. Suppose 8 = u - 3*i, 2*u + i - 2 = -g*u. Let y = -2 - u. Le